+ 153 = -o, 0 = 5*c - o - 765. Calculate the highest common factor of 17 and c.
17
Let j = 28 + -14. Suppose 3*k + 0*k = n + 21, -j = -k - 2*n. What is the greatest common factor of k and 64?
8
Let d be 253 + (-3 - 0) + 5. What is the greatest common factor of 15 and d?
15
Let j(w) be the third derivative of w**4/6 - w**3/6 + w**2. Let v be j(3). Let q be (-22)/((-2)/2 - 0). Calculate the greatest common divisor of v and q.
11
Suppose -10 = -2*f - 0. Suppose 0 = c - 1 - f. What is the highest common divisor of c and 12?
6
Suppose -x = -4*b + b + 37, 0 = 5*b - 5*x - 55. Let j be (10/(-15))/(1/(-3)). Suppose -37 = -j*h + 15. Calculate the highest common divisor of h and b.
13
Let k = 58 - 44. Calculate the highest common divisor of 56 and k.
14
Suppose -2*z + 2*q - 381 = -7*z, 0 = -4*z - 2*q + 304. What is the greatest common factor of 11 and z?
11
Let b be (88/(-6))/((-2)/6). Calculate the highest common factor of b and 264.
44
Let x(v) = -6*v. Let u be (-2)/(-4) - (-9)/(-6). Let z be x(u). Calculate the greatest common factor of 6 and z.
6
Let l be (1 - -3)*(-336)/(-21). What is the greatest common factor of l and 16?
16
Let o = 66 - 62. What is the greatest common divisor of o and 10?
2
Let d(i) = i**2 + 19*i - 28. Let m be d(-21). What is the greatest common factor of 42 and m?
14
Suppose 3*m - 5*m = -3*d - 133, -2*m + 126 = 4*d. Let v = -9 + 12. Suppose -22 - 17 = -v*z. Calculate the highest common factor of z and m.
13
Suppose 4*f + f + c = 71, -2*f + 50 = -5*c. What is the highest common factor of 165 and f?
15
Let v(p) = -p**3 + 6*p**2 + 8*p. Let u be v(7). Calculate the highest common divisor of 49 and u.
7
Let d = 69 - 59. What is the greatest common divisor of d and 90?
10
Suppose -5*h - 4*i + 1092 = 0, 9 = -i + 4*i. What is the highest common factor of h and 24?
24
Let v be 2/(-8) + 530/8. Let x = -43 - -49. What is the highest common divisor of v and x?
6
Let r(d) = -29*d + 2. Let x be ((-12)/(-14))/(2/(-14)). Let s be r(x). Calculate the highest common divisor of s and 16.
16
Let p be 162/24 - (-3)/(-4). Suppose -c + p*c - 45 = 0. Suppose c = 2*g - g. What is the greatest common divisor of 1 and g?
1
Suppose -5 = -5*c + 5. Let j(q) be the second derivative of 4*q**3 + 4*q. Let l be j(c). Calculate the highest common factor of 6 and l.
6
Let t(d) = -29*d**3 - 3*d**2 - 3*d - 1. Let w be t(-2). What is the greatest common divisor of 25 and w?
25
Let u(j) = -2*j + 6. Let v(p) = -2*p - 4. Let h be v(-3). Let r be -1*(h - (-1 - 2)). Let b be u(r). Calculate the highest common factor of b and 4.
4
Let j be (15/(-10))/((-3)/66). Suppose q - 5*q = -2*n - 124, -2*q = -5*n - 46. What is the greatest common divisor of q and j?
33
Let o be 2/(2 + -4)*-7. Suppose 5*h = 8*h - 21. Calculate the highest common factor of o and h.
7
Let c(k) = -7*k**3 + 2*k**2. Let j be c(-1). Calculate the greatest common factor of j and 99.
9
Suppose 4*t - 2*t - 10 = 0. Let l = 6 - t. Suppose -5*s + b + 1 = -42, -2*s - 3*b + 7 = 0. What is the highest common divisor of l and s?
1
Let i = 1 + 9. Calculate the greatest common factor of i and 50.
10
Suppose 36 = -b + 3*b. Calculate the greatest common factor of 9 and b.
9
Suppose p + p = 4. Let y be (-7)/(-1) - (p - 0). Let q be (33 + 2)/(0 + 1). What is the highest common factor of q and y?
5
Suppose o - 69 = 96. Let a = 25 - 10. What is the greatest common divisor of o and a?
15
Let y(l) = l**2 - 6*l - 26. Let n be y(10). Let h be (-2)/(-1 + (1 - 1)). What is the greatest common factor of h and n?
2
Suppose -i = -4*d + 2*i - 11, -4*i = -d - 6. Let m be (9/d)/((-1)/2). What is the greatest common factor of m and 9?
9
Let c = 19 - 17. Calculate the highest common factor of 18 and c.
2
Let c = 14 - 10. Suppose 0 = 4*z - 0*z + c, -3*g + 3*z = -81. What is the greatest common factor of g and 39?
13
Let i(y) = 2*y**2 + 2*y - 6. Let t be i(-7). Let x = t + -54. What is the highest common divisor of 60 and x?
12
Let t = -34 - -67. Suppose -2*s + 49 = 5*f, s = -5*f - 9 + 36. What is the greatest common factor of s and t?
11
Suppose 0 = 4*u + g + 4*g - 40, -3*u + 2*g = -30. Let c = -3 + u. Let q = 85 + -22. What is the highest common divisor of c and q?
7
Let z = 35 + -13. Let x be 5/(-3 + (-55)/(-10)). What is the highest common factor of z and x?
2
Suppose 24*a = 20*a + 20. Suppose 0 = 3*o + a*f - 5, -4 = 5*f + 6. What is the greatest common divisor of o and 5?
5
Let y(k) = -k. Let l be y(1). Let b be (-1)/1 + l + 30. Let v(m) = -m**3 + 7*m**2 + 11*m - 10. Let o be v(8). Calculate the greatest common divisor of o and b.
14
Let a(r) = -r**3 + r**2 + 5*r - 3. Let d be a(-3). Calculate the greatest common factor of 342 and d.
18
Let d(p) = 8*p + 12. Let n(c) = 3*c + 16 + 6*c - 4. Let w(x) = 3*d(x) - 4*n(x). Let f be w(-8). Calculate the highest common divisor of f and 12.
12
Let n be -3*(-2792)/60 + 8/20. What is the greatest common factor of n and 28?
28
Suppose 2*k = 7*k - 2845. Suppose -2*p + 292 = 3*g, -5*p + 4*g + 115 = -k. Calculate the greatest common divisor of p and 20.
20
Suppose 3*m = 4*z + 10, 3*m - 5 = -z - 0. Let s be (1/2)/(z/(-60)). Let w be ((-13)/(-3))/(2/s). What is the greatest common divisor of w and 26?
13
Let j be -5 - -2 - (5 + -53). What is the greatest common factor of 9 and j?
9
Let s = 5 + -3. Suppose -5*f + 6*v - s*v + 22 = 0, 4*f = 2*v + 20. Suppose 0*a = 3*a + 3, -2*h + 3*a = -111. Calculate the highest common divisor of f and h.
6
Suppose -u + 4*u - 28 = 5*x, 4*u + 3*x - 47 = 0. Calculate the highest common factor of 187 and u.
11
Let w(q) = q + 6. Let a be w(0). Suppose 2*f - a = -f. Calculate the greatest common factor of 5 and f.
1
Let f = 4 + 8. What is the highest common factor of 54 and f?
6
Suppose 0*h + x + 3 = -h, 3*h + 15 = -5*x. Suppose -3*j - 4*g + 13 = -h*j, 5*g = -4*j + 19. Calculate the greatest common divisor of j and 44.
11
Let q = 131 + -98. What is the highest common divisor of 11 and q?
11
Let l = 25 + -17. Let c(n) = n**3 + 4*n**2 + 2*n. Let f be c(-3). Let o be 6*((-2)/6 + f). What is the greatest common factor of l and o?
8
Let g = 39 + -73. Let c = -16 - g. What is the greatest common factor of 6 and c?
6
Let l(a) = -5*a**3 - a**2 + 3*a + 3. Let v be l(-2). Calculate the highest common divisor of 3 and v.
3
Suppose 0 = -y + 5*m + 38 + 132, 3*y - 498 = 3*m. What is the highest common divisor of y and 15?
15
Suppose -m + 21 = -0. Let j be (-1)/(4 + (-87)/m). What is the greatest common factor of j and 77?
7
Let u be (-4)/(-10) + (1 - 266/(-10)). What is the highest common divisor of 14 and u?
14
Suppose y + 3*b = -17, -3*y - 14 = 4*b + 12. Let l be 0/y - (0 - 2). Suppose -l*d = -18 - 4. What is the greatest common factor of 77 and d?
11
Let b(k) be the first derivative of 0*k**2 + 2 + 7/4*k**4 + 2*k + 2/3*k**3. Let m be b(2). Calculate the greatest common divisor of 6 and m.
6
Let c be 17 - (-1)/2*-2. Suppose -56 + 136 = 5*x. What is the highest common divisor of x and c?
16
Suppose -z - 2*z = 0. Suppose 3*c + 2*c - 85 = z. What is the highest common divisor of 187 and c?
17
Let a be (-20)/((-5)/(-3)*(-10)/50). What is the greatest common factor of a and 15?
15
Let i be 9/((-108)/(-208))*6. Let s(y) = -y**3 - y**2 + 2*y + 1. Let f be s(2). Let q = 6 - f. Calculate the greatest common factor of i and q.
13
Suppose 23 = 5*d - 5*r - 2, d = -2*r + 2. Suppose 4*c = y - 52, 99 + 29 = 2*y + d*c. Let g = 22 - 10. Calculate the greatest common factor of y and g.
12
Let j(m) = -25*m - 2. Let z be j(-3). Let c = -51 + z. Calculate the highest common divisor of c and 2.
2
Suppose 0 = s + s - 14. What is the greatest common factor of s and 7?
7
Let b be ((-94)/4 - 2)/((-3)/4). Calculate the greatest common divisor of 85 and b.
17
Let v = 33 - 18. What is the greatest common factor of v and 3?
3
Let r be (48/40 - 0)/((-4)/(-110)). What is the greatest common divisor of r and 297?
33
Let q be 84/10 + (-4)/10. Let v = -8 + q. Suppose v = -3*k + k + 3*b + 375, 0 = -k - 4*b + 160. What is the greatest common factor of k and 20?
20
Suppose 6*b = 9*b - 99. Let q be (-11)/b - 122/(-6). Let p = -4 + 9. Calculate the greatest common factor of p and q.
5
Suppose 0 = 4*m + 3*m - 42. Calculate the highest common factor of m and 6.
6
Let n be (-44)/(-11)*(-3)/4. Let g = 11 + n. Calculate the hig